o(g) = 2*g**3 - 19 - 4*g**3 - 3 - 11*g - 5 - 2*g**2. Let n(j) = j**3 + j**2 + 5*j + 13. Let m(k) = -13*n(k) - 6*o(k). Let x = -2 + 2. Give m(x).
-7
Let x = 92 + -135. Let m = 40 + x. Let r(h) be the first derivative of -h**3/3 - 2*h**2 - h - 1. Calculate r(m).
2
Let f(h) = -h**2 - 4*h + 37. Let o be f(4). Let u(z) = -z**3 + 5*z**2 - 3*z + 7. Calculate u(o).
-8
Let k be (1 - (-5)/(-1))*(-20 - (-129)/6). Let q be 12/2 + 0 + 1. Let m(j) = -8*j + 5*j - j**2 - q*j - 9. What is m(k)?
15
Let s(w) = -w**2 - w - 5. Suppose -g + 43*c - 8 = 39*c, 0 = -5*c + 5. Calculate s(g).
-17
Suppose 0 = 2*r - 8*r - 60. Let a be (-1 - 8)*r/30. Let w(c) = 2*c + 4. Determine w(a).
10
Let o be 2/3*(-33)/22. Let w be (o + -3)*20/16. Let n(m) = 9*m + 6. Let r(u) = -8*u - 6. Let k(a) = 4*n(a) + 5*r(a). Determine k(w).
14
Let n = 137 + -132. Let p(o) = o - 3. What is p(n)?
2
Let b(f) = -f**2 - 3*f + 6. Let l = 1502 + -1505. Determine b(l).
6
Let l = 68 + -66. Let m(g) = 0*g**l - 9*g**3 - 2*g**2 + 8*g**3 + 5*g**2 - 1. What is m(2)?
3
Let f(m) = m**2 + 84 + 78 + 7*m - 157. Give f(-5).
-5
Let n(d) = d**2 - 6*d + 8. Let y be n(5). Let h(b) = -3*b + 4*b - y - 4 + 0. Give h(0).
-7
Let s(m) = 4*m**2 + 7*m - 6. Let h(u) = -3*u**2 - 7*u + 6. Let i(y) = 3*h(y) + 2*s(y). Let g = -653 + 644. Calculate i(g).
-12
Let t(u) be the first derivative of u**6/360 + u**5/20 - u**4/3 - 8*u**3/3 - 4. Let a(w) be the third derivative of t(w). Give a(-6).
-8
Let q(w) = -2 + 1 + w - 1 + 11 + 1. Determine q(-11).
-1
Let v = 1 + -1. Let p be ((-2)/(-3))/(4/(12 + 0)). Let i(j) = -1 + j + 2 - 6 + 0*j**2 - j**3 + j**p. What is i(v)?
-5
Let p(h) = 7*h + 17. Suppose 59 = -24*y - 13. Determine p(y).
-4
Let g(w) = -6*w - 1. Let s(k) = -k**3 - 3*k**2 - k - 1. Let m be s(-3). Suppose -m*i + 2 = -6. Suppose f + 3 = i*f. What is g(f)?
-7
Suppose 0 = -2*h - 3 + 15. Suppose 2*l - 4*a - a = -17, -h = -4*l + 2*a. Let d = 1 + l. Let f(u) = u**2 - 6*u. Give f(d).
-5
Let r(q) be the second derivative of q**5/60 + q**4/24 + q**3/6 + 7*q**2 - 6*q. Let k(b) be the first derivative of r(b). Determine k(0).
1
Let a(b) = -b**3 + 19*b**2 + b - 23. Suppose 3*g = 2*z - 32, -15 + 5 = -5*g. What is a(z)?
-4
Let t(u) = -3*u - 18. Let w be t(6). Let c = 32 + w. Let y be (1 - 4) + c/(-1). Let i(d) = 7*d + 1. What is i(y)?
8
Let g(p) be the third derivative of p**6/120 - p**5/60 - 121*p**2. Let y = 1 + 0. Give g(y).
0
Let m(d) = -d**2 + 6*d + 7. Let t(u) be the first derivative of 2*u**3/3 - u - 10. Let p be t(2). Calculate m(p).
0
Let x(p) = -p - 3. Suppose 0*l = -11*l + 110. Suppose l*r - 8*r + 8 = 0. Calculate x(r).
1
Suppose 4*z + 127 = 147. Let j(b) = -2*b - 2. Give j(z).
-12
Let d(o) = 3*o**3 - 2*o**2 + 5*o + 4. Let x(w) = 2*w**3 - 2*w**2 + 6*w + 5. Let g(i) = -5*d(i) + 4*x(i). Give g(1).
-6
Suppose r + q + 1 = 0, 2*r + 4*q - 8 = -2. Suppose a + 6 = 4*a. Let s(t) = t**a - 3*t + 9*t - 2*t + t. Determine s(r).
0
Let n(a) = 16*a**3 + a**2 - a - 1. Suppose w = -2, -2*q = -q - w - 6. Suppose -2*i + q*i - 20 = -5*c, 5*i - 20 = -5*c. Suppose 7*p - 2 + 9 = i. What is n(p)?
-15
Suppose -47 - 18 = 5*m. Let r = 16 + m. Let a(n) = -2*n**2 + 2*n + 4. Determine a(r).
-8
Let y(r) = 202*r + 2626. Let f be y(-13). Let q(w) = -w**2 + 5*w + 5. Let l be q(5). Let b(u) = -2*u + u + 2*u - l. What is b(f)?
-5
Suppose -3*k = -0 - 6. Let q(c) be the first derivative of 2/3*c**3 + c + c**k + 2 + 1/4*c**4. Calculate q(-1).
0
Suppose i = 6*i - 10. Let u(r) = -r**3 + 2*r**2 + 2*r. What is u(i)?
4
Let h be (75/300)/(2/(-72)). Let l(g) = g**3 + 9*g**2 - 8. Give l(h).
-8
Suppose 0*u - 4*u = -60. Suppose 0 = 5*t + 5*d - u, -2*d + 12 = t - 2*t. Let v(r) = 2*r**3 + 2*r**2 - r + 1. Determine v(t).
-5
Let y be ((-22)/(-374))/((-12)/(-34)). Let o(v) be the second derivative of -y*v**3 - 8*v - 9/2*v**2 + 0. What is o(0)?
-9
Let q(y) = 5*y**3 + y**2 - 14*y + 26. Suppose 12*x = 17*x - 10. Let v(p) = -p**3 + 3*p - 5. Let g(r) = x*q(r) + 11*v(r). Determine g(3).
3
Let a be ((-77)/154)/(2/(-12)*1). Let m(g) = -9*g + 1. What is m(a)?
-26
Let q(g) = 508 - g - 253 - 256. Calculate q(-4).
3
Let l(r) be the second derivative of -r**4/12 - r**2/2 + 77*r. What is l(3)?
-10
Let i(o) be the third derivative of o**4/6 + o**3/6 - 3*o**2. Let h be i(-2). Let r(c) = c**3 - 31 + 14 + 16 - 8*c**2 - 2*c**3 - 9*c. Calculate r(h).
13
Let w(a) = a**3 - 16*a**2 - 17*a + 12. Let b be w(17). Let x = 16 - b. Suppose 0 = x*h - 2 - 18. Let r(n) = -n**3 + 4*n**2 + 5*n - 5. What is r(h)?
-5
Suppose 2*p = j + 1, -4*p - 20 = -j - 25. Let w(v) = v**2 + v - 1. What is w(j)?
11
Let j = -735 + 734. Let a(s) = 36*s**3 + 1. Give a(j).
-35
Let y(s) be the third derivative of -s**7/840 + s**6/40 - s**5/15 + 5*s**4/24 - 7*s**3/2 + 6*s**2. Let l(b) be the first derivative of y(b). Calculate l(8).
5
Let v = -222 + 226. Let o(m) = m**3 + m - 2. Let i(g) = -g**3 + g**2 - g + 2. Let y(d) = -4*i(d) - 3*o(d). Determine y(v).
2
Let t(m) = m. Let q be t(6). Let w(n) be the first derivative of 1/2*n**2 + 1/4*n**4 - 2*n - 2 - 2*n**3. What is w(q)?
4
Let a(l) = -l**2 + 2. Let i(g) = -3*g + 15. Let m be i(4). Suppose -5*j + 2*t - 10 = -4*j, 0 = -m*j - 4*t + 20. Calculate a(j).
2
Let v(f) be the first derivative of -f**4/4 - 7*f**3/3 - 3*f**2 - 5*f + 57. Give v(-6).
-5
Suppose -4*d + p - 6*p = 30, 11 = -3*d + 2*p. Let i = 9 + d. Let j(o) be the second derivative of -o**4/12 + o**3/3 + o**2 + 5*o + 18. Calculate j(i).
-6
Let o(r) = 10 + 2*r**2 + 2*r**2 - 5*r**2 - 4*r. Let w = -700 + 693. Calculate o(w).
-11
Suppose -12 = -19*y + 16*y. Let d(b) = 6*b - 29*b**3 + 30*b**3 - 2*b**2 + 7 - 3 - 9*b. Determine d(y).
24
Let p = 23 - 27. Let c(l) = 5*l - 9. Let s(v) = 6*v - 9. Let o(k) = p*c(k) + 3*s(k). What is o(8)?
-7
Suppose -3*r + 5*r - 29 = -5*v, 5*r + 4*v - 30 = 0. Let k(l) = -r + 346*l + 7 - 347*l. Give k(7).
-2
Let t(z) = z**2 + 5*z - 53. Let j be (-3)/12 + 78/(-8). Let p be t(j). Let y(d) be the first derivative of -d**4/4 - d**3/3 + 3*d**2/2 - 3*d + 2. What is y(p)?
6
Suppose 0 = -i - h + 3 - 5, 2*i - 5 = h. Let x(p) = -18*p**3 + 1. Calculate x(i).
-17
Let c(u) = 3*u**2 + u + 4. Let q(l) = 16*l**2 + 7*l + 22. Let x(p) = -11*c(p) + 2*q(p). Let s be ((-3)/(-2))/((-1)/4). Let v = -4 - s. Determine x(v).
2
Let d(c) = -3*c + 1. Let o(h) = h**2 + h. Let n be -1 - (0 - (3 + 0)). Let i be (1 - -1)*1/n. Let k be o(i). Calculate d(k).
-5
Let s(v) = 2*v**3 - 3*v**2 + 2*v - 4. Let f be 32/15 + (-1 - 117/(-135)). Calculate s(f).
4
Let m be ((-2)/1)/(20*(-21)/(-210)). Let z(l) be the third derivative of 0*l + 1/60*l**5 - 2*l**2 + 1/24*l**4 + 0 + 0*l**3. Determine z(m).
0
Let o = 89 - 154. Let i be (-10)/o + (-76)/(-13). Suppose 2*t - 3*t - i = 0. Let v(b) = b**2 + 7*b. Give v(t).
-6
Let m(f) = 2*f**2 + 4 + 8 - 9 + 7*f + 0. Determine m(-5).
18
Let p(o) be the third derivative of o**6/120 + o**5/10 - o**4/4 + o**3/6 - 82*o**2. Calculate p(-7).
-6
Let b be (-2)/(-7)*((-6)/(-3) - -26). Let m(h) = h - 6. What is m(b)?
2
Let c(w) = w**3 - 2*w**2 - w. Let b(l) = 4*l**3 - 9*l**2 + 2*l - 2. Let r(v) = -b(v) + 3*c(v). Calculate r(2).
-4
Let l(s) = -s**3 + s**2 - s - 3. Suppose 4*y - 22*y = 0. Give l(y).
-3
Let p(c) = 7*c**2 - 7*c - 25. Let v(x) = 11*x**2 - 11*x - 37. Suppose 0 = -2*h + 3*h + 5. Let q(z) = h*v(z) + 8*p(z). Give q(0).
-15
Let y(d) = -7*d + 8 - 2*d + 8*d. Suppose 3*z = -31 - 11. Let p = z + 14. Give y(p).
8
Let h(y) be the first derivative of -y**2/2 + 4*y - 3. Suppose -5*u - 30 = 2*p + 3*p, 2*p + 6 = 0. Determine h(u).
7
Let j(i) = -5*i**3 + 4*i**2 - 3*i. Let b be j(1). Let g(d) = -d**3 - 4*d**2 - d + 5. Give g(b).
9
Let w(d) be the first derivative of -1/60*d**5 - 2*d**3 - 6 + 0*d**2 + 1/8*d**4 + 0*d. Let f(z) be the third derivative of w(z). Calculate f(2).
-1
Let u(c) = 3*c**2. Suppose z + 41 = 4*o + 6*z, 31 = 4*o + 3*z. Let h = 12 + o. Let m = h + -17. Give u(m).
3
Suppose 0 = -284*t + 268*t - 48. Let g(k) = k**2 - k + 4. What is g(t)?
16
Let k(b) = -39 - 35*b - 2*b**2 + 20*b + b**2. Calculate k(-12).
-3
Let o(b) = 14512 - 14517 - 28*b**2 + 8*b + 10*b + 9*b**2 + b**3. Determine o(18).
-5
Let d(f) be the first derivative of f**3/3 - f**2 - 356. What is d(-1)?
3
Let n(v) = v**3 + 5*v**2 + 4*v - 2. Suppose -20*i + 0 - 40 = 0. Give n(i).
2
Let p(u) = -3*u**3 - 4*u**2 - 7*u + 2. Let t = -28 - -39. Suppose -4*c + t + 9 = 0. Let